{"id":277,"date":"2024-01-25T04:39:06","date_gmt":"2024-01-25T04:39:06","guid":{"rendered":"https:\/\/demo.clipmydeals.com\/13\/?page_id=277"},"modified":"2024-01-25T04:39:06","modified_gmt":"2024-01-25T04:39:06","slug":"nutzungsbedingungen","status":"publish","type":"page","link":"https:\/\/demo.clipmydeals.com\/13\/nutzungsbedingungen\/","title":{"rendered":"Nutzungsbedingungen"},"content":{"rendered":"\n<p><strong><br>ANNAHME DER ALLGEMEINEN GESCH\u00c4FTSBEDINGUNGEN<\/strong><strong><\/strong><\/p>\n\n\n\n<p>ClipMyDeals (im Folgenden als &#8222;ClipMyDeals&#8220;, &#8222;wir&#8220;, &#8222;uns&#8220; oder &#8222;unser&#8220; bezeichnet) bietet einen digitalen Coupon-Marktplatz in Gro\u00dfbritannien (die &#8222;Dienste&#8220;), der die unter www. ClipMyDeals.com (und alle anderen Websites mit ClipMyDeals-Branding, die auf diese Bedingungen verweisen) (zusammen die &#8222;Website&#8220;). Die Dienste erm\u00f6glichen es Benutzern beispielsweise, auf Gutscheine bestimmter Drittanbieter (&#8222;H\u00e4ndler&#8220;) f\u00fcr die Online-Nutzung zuzugreifen. Durch die Nutzung der Dienste erkl\u00e4ren Sie sich damit einverstanden, die Bedingungen dieser Nutzungsbedingungen (&#8222;Bedingungen&#8220;) einzuhalten und rechtlich daran gebunden zu sein, unabh\u00e4ngig davon, ob Sie ein registrierter Benutzer der Dienste werden oder nicht. Diese Bedingungen regeln Ihren Zugriff auf und Ihre Nutzung der Dienste und stellen eine verbindliche rechtliche Vereinbarung zwischen Ihnen und ClipMyDeals dar. Bitte lesen Sie diese Bedingungen und unsere Datenschutzrichtlinie sorgf\u00e4ltig durch, die durch Bezugnahme in diese Bedingungen aufgenommen wird.<\/p>\n\n\n\n<p>Wenn Sie diesen Bedingungen nicht zustimmen, nutzen Sie die Dienste bitte nicht.<\/p>\n\n\n\n<p><strong>Unbefugter Zugriff, Verbreitung, Vervielf\u00e4ltigung, Kopieren, Weiter\u00fcbertragung, Ver\u00f6ffentlichung, Verkauf, Nutzung (kommerziell oder anderweitig) oder jede andere Form der \u00dcbertragung eines Teils der Website, Anwendung oder Dienste, einschlie\u00dflich, aber nicht beschr\u00e4nkt auf alle Inhalte, Dienste, digitalen Produkte, Tools oder Produkte, ist hiermit ausdr\u00fccklich untersagt.<\/strong><\/p>\n\n\n\n<p><strong>EINLEITUNG<\/strong><strong><\/strong><\/p>\n\n\n\n<p>ClipMyDeals bietet Ihnen den angegebenen Rabatt auf Artikel \/ Produkte der betreffenden H\u00e4ndler, die online weit verbreitet sind. Diese Rabattgutscheine werden nach den Aktionskriterien von den H\u00e4ndlern selbst eingerichtet und k\u00f6nnen von jedermann in Anspruch genommen werden. Diese Gutscheine sind in der Regel f\u00fcr eine bestimmte Zeit g\u00fcltig und verfallen nach einem bestimmten Zeitraum. Wir haben die besten Angebote und Rabatte f\u00fcr die k\u00fcrzeste Zeit festgelegt, manchmal nur Stunden oder f\u00fcr einen Tag. Daher ist es notwendig, dass Sie uns regelm\u00e4\u00dfig f\u00fcr Rabattcodes folgen, um die besten Angebote zu erhalten. Unser Motiv hinter diesen Codes ist es, Verk\u00e4ufe f\u00fcr die H\u00e4ndler innerhalb des angegebenen Zeitraums zu generieren und gleichzeitig Werbung und Branding dieser H\u00e4ndler zu nutzen.<\/p>\n\n\n\n<p>&#8222;Login&#8220; bedeutet, dass wir es dem &#8222;Benutzer&#8220; erm\u00f6glicht haben, sich zu registrieren und Zugang zu bestimmten Elementen der Website gem\u00e4\u00df unseren Nutzungsbedingungen zu haben.<\/p>\n\n\n\n<p>&#8222;Benutzer&#8220; bezeichnet jede Person, die die Website besucht oder nutzt.<\/p>\n\n\n\n<p><strong>BETEILIGUNG<\/strong><strong><\/strong><\/p>\n\n\n\n<p>Registrierung<\/p>\n\n\n\n<p>Um bestimmte Teile der Dienste nutzen zu k\u00f6nnen, m\u00fcssen Sie m\u00f6glicherweise einen Registrierungsprozess abschlie\u00dfen und ein Konto bei ClipMyDeals (&#8222;Konto&#8220;) einrichten. Sie erkl\u00e4ren und garantieren, dass alle Informationen, die Sie ClipMyDeals zur Verf\u00fcgung stellen &nbsp;, aktuell, genau und vollst\u00e4ndig sind und dass Sie die Richtigkeit und Vollst\u00e4ndigkeit dieser Informationen unverz\u00fcglich und rechtzeitig aufrechterhalten werden.<\/p>\n\n\n\n<p>Passwort und Sicherheit<\/p>\n\n\n\n<p>Als registrierter Benutzer der Dienste k\u00f6nnen Sie einen Benutzernamen und ein oder mehrere Passw\u00f6rter erhalten oder festlegen. Sie sind allein daf\u00fcr verantwortlich, die Vertraulichkeit und Sicherheit Ihrer Passw\u00f6rter und Konten zu wahren. Sie verstehen und stimmen zu, dass Sie individuell und vollst\u00e4ndig f\u00fcr alle Aktionen und Buchungen verantwortlich sind, die von Ihren Konten aus vorgenommen werden. Alle Konten, die Sie erstellen, sind nicht \u00fcbertragbar. Sie erkl\u00e4ren sich damit einverstanden, ClipMyDeals unverz\u00fcglich zu benachrichtigen &nbsp;, wenn Sie Kenntnis von einer unbefugten Nutzung Ihres Kontos (Ihrer Konten) erhalten.<\/p>\n\n\n\n<p>Privatsph\u00e4re<\/p>\n\n\n\n<p>ClipMyDeals respektiert die Privatsph\u00e4re der Nutzer. Die Datenschutzrichtlinie, die \u00fcber die Website bereitgestellt wird und unter Datenschutzrichtlinie zu finden ist, wird ausdr\u00fccklich durch Bezugnahme hierin aufgenommen und zu einem Teil dieser Bedingungen gemacht.<\/p>\n\n\n\n<p>Benutzergenerierte Inhalte<\/p>\n\n\n\n<p>ClipMyDeals \u00fcberpr\u00fcft nicht alle beigetragenen Inhalte vorab oder regelm\u00e4\u00dfig. ClipMyDeals hat jedoch das uneingeschr\u00e4nkte Recht (wenn auch nicht die Pflicht), alle ver\u00f6ffentlichten Inhalte ohne vorherige Ank\u00fcndigung zu entfernen.<\/p>\n\n\n\n<p>Durch die Ver\u00f6ffentlichung von Inhalten erkl\u00e4ren und garantieren Sie:<\/p>\n\n\n\n<ol class=\"wp-block-list\">\n<li>Sie alle Rechte, Titel und Interessen an solchen ver\u00f6ffentlichten Inhalten haben, einschlie\u00dflich, aber nicht beschr\u00e4nkt auf Zustimmung, Autorisierung, Freigabe, Freigabe oder Lizenz von Dritten (wie z. B. Freigaben in Bezug auf Datenschutz- oder \u00d6ffentlichkeitsrechte), die f\u00fcr Sie erforderlich sind, um die ver\u00f6ffentlichten Inhalte bereitzustellen, zu posten, hochzuladen, einzugeben oder einzureichen, oder<\/li>\n\n\n\n<li>solche eingestellten Inhalte gemeinfrei sind oder<\/li>\n\n\n\n<li>Ihre Nutzung solcher ver\u00f6ffentlichten Inhalte stellt eine faire Nutzung dar. Sie erkl\u00e4ren und garantieren ferner, dass die Ver\u00f6ffentlichung solcher Inhalte keine Patente, Urheberrechte, Marken, Gesch\u00e4ftsgeheimnisse, Datenschutzrechte, Ver\u00f6ffentlichungsrechte, moralischen Rechte oder andere Rechte an geistigem Eigentum verletzt oder verletzt, die von einer anwendbaren Gerichtsbarkeit einer nat\u00fcrlichen oder juristischen Person anerkannt werden, oder anderweitig die Verletzung einer Vereinbarung mit einer anderen nat\u00fcrlichen oder juristischen Person darstellt.<\/li>\n<\/ol>\n\n\n\n<p>Sie erkl\u00e4ren sich auch damit einverstanden, keine der folgenden Arten von Inhalten auf der Website zu ver\u00f6ffentlichen:<\/p>\n\n\n\n<ol class=\"wp-block-list\" start=\"3\">\n<li>nicht jugendfreie Inhalte, Pornografie, explizite sexuelle Bilder oder Nacktbilder;<\/li>\n\n\n\n<li>Inhalte, die explizite, vulg\u00e4re oder obsz\u00f6ne Sprache enthalten;<\/li>\n\n\n\n<li>Inhalte, die Hass, Missbrauch oder destruktive Handlungen f\u00f6rdern;<\/li>\n\n\n\n<li>Inhalte, die illegale Aktivit\u00e4ten f\u00f6rdern; oder in erster Linie politische, religi\u00f6se, psychische oder metaphysische Inhalte;<\/li>\n\n\n\n<li>Inhalte, die f\u00fcr raubkopierte Software werben;<\/li>\n\n\n\n<li>Inhalte, die auf Phishing oder die Verbreitung von Malware abzielen;<\/li>\n\n\n\n<li>Inhalte, die eine nat\u00fcrliche oder juristische Person herabsetzen;<\/li>\n\n\n\n<li>Inhalte, die gegen Gesetze oder Vorschriften versto\u00dfen; oder<\/li>\n\n\n\n<li>Alle anderen Inhalte, die unangemessen, unangemessen oder beleidigend sind oder sein k\u00f6nnten, wie von uns festgelegt.<\/li>\n<\/ol>\n\n\n\n<p><strong>LIZENZ AN CLIPMYDEALS<\/strong><strong><\/strong><\/p>\n\n\n\n<p>Durch das Posten oder Beitragen von Inhalten zu den Diensten oder durch die Bereitstellung von Feedback, Vorschl\u00e4gen, Ideen und anderen Einsendungen an ClipMyDeals gew\u00e4hren Sie ClipMyDeals eine nicht ausschlie\u00dfliche, geb\u00fchrenfreie, unbefristete und weltweite Lizenz zur Nutzung Ihrer Inhalte in Verbindung mit dem Betrieb der Dienste, einschlie\u00dflich, aber nicht beschr\u00e4nkt auf (a) die Lizenzrechte zum Kopieren, Verteilen, \u00dcbertragen, \u00f6ffentlichen Anzeigen,&nbsp; Ihre Inhalte \u00f6ffentlich aufzuf\u00fchren, zu reproduzieren, zu bearbeiten, zu \u00fcbersetzen und neu zu formatieren und\/oder in ein kollektives Werk zu integrieren, und (b) das Recht, einige oder alle &nbsp;Lizenzrechte von ClipMyDeals an andere zu unterlizenzieren. Sie verzichten ferner auf alle Urheberpers\u00f6nlichkeitsrechte an solchen Inhalten zugunsten von ClipMyDeals. Zur Klarstellung bedeutet dies unter anderem, dass ClipMyDeals das Recht hat, alle von Ihnen eingereichten Ideen (einschlie\u00dflich Ideen zu unseren Produkten, Dienstleistungen, Ver\u00f6ffentlichungen oder Werbekampagnen) auf jede von uns gew\u00e4hlte Weise zu verwenden, ohne dass Ihnen gegen\u00fcber eine Benachrichtigung oder Verpflichtung eingegangen wird.<\/p>\n\n\n\n<p>Akzeptable Nutzung<\/p>\n\n\n\n<p>ClipMyDeals gew\u00e4hrt Ihnen hiermit eine beschr\u00e4nkte, nicht ausschlie\u00dfliche, nicht \u00fcbertragbare Lizenz f\u00fcr den Zugriff auf und die Nutzung der von ClipMyDeals bereitgestellten Dienste &nbsp;ausschlie\u00dflich f\u00fcr Ihren pers\u00f6nlichen Gebrauch und Genuss in der durch diese Bedingungen zul\u00e4ssigen Weise. Sie d\u00fcrfen nicht versuchen oder sich an potenziell sch\u00e4dlichen Handlungen beteiligen, die sich gegen die Dienste richten, einschlie\u00dflich, aber nicht beschr\u00e4nkt auf eine oder mehrere der folgenden:<\/p>\n\n\n\n<ol class=\"wp-block-list\">\n<li>Nutzung der Dienste unter Versto\u00df gegen andere Vereinbarungen, an denen Sie beteiligt sind, einschlie\u00dflich, aber nicht beschr\u00e4nkt auf Arbeitsvertr\u00e4ge, an denen Sie beteiligt sind;<\/li>\n\n\n\n<li>Verursachen, Zulassen oder Unterst\u00fctzen einer anderen Person, sich als Sie auszugeben;<\/li>\n\n\n\n<li>Weitergabe Ihres Passworts oder Logins an eine andere Person;<\/li>\n\n\n\n<li>Anmeldung bei einem Server oder Konto(s), zu dessen Zugriff Sie nicht berechtigt sind;<\/li>\n\n\n\n<li>Erstellen von mehr als einem Konto, F\u00e4lschen von Benutzernamen, Manipulieren von Identifikatoren oder anderweitiges Nachahmen einer anderen Person oder falsche Darstellung Ihrer Identit\u00e4t oder Zugeh\u00f6rigkeit zu einer nat\u00fcrlichen oder juristischen Person;<\/li>\n\n\n\n<li>die Nutzung der Dienste nachzuahmen oder vorzut\u00e4uschen;<\/li>\n\n\n\n<li>Verletzung oder versuchte Verletzung von Sicherheitsmerkmalen der Dienste;<\/li>\n\n\n\n<li>Verwendung von manueller oder automatisierter Software, Ger\u00e4ten, Skripten, Robotern oder anderen Mitteln oder Prozessen f\u00fcr den Zugriff, das &#8222;Scrapen&#8220;, &#8222;Crawlen&#8220; oder &#8222;Spidern&#8220; von Seiten, die auf der Website enthalten sind;<\/li>\n\n\n\n<li>Viren, W\u00fcrmer, Software, Trojanische Pferde oder anderen \u00e4hnlichen sch\u00e4dlichen Code in die Dienste einzuf\u00fchren;<\/li>\n\n\n\n<li>St\u00f6rung oder versuchte St\u00f6rung der Nutzung der Dienste durch andere Benutzer, Hosts oder Netzwerke, einschlie\u00dflich, aber nicht beschr\u00e4nkt auf die \u00dcbermittlung eines Virus, \u00dcberlastung, &#8222;\u00dcberflutung&#8220;, &#8222;Spamming&#8220;, &#8222;Mail-Bombing&#8220;, &#8222;Ping&#8220; oder &#8222;Absturz&#8220; der Dienste;<\/li>\n\n\n\n<li>Verursachen, Erlauben oder Unterst\u00fctzen von Maschinen, Bots oder automatisierten Diensten f\u00fcr den Zugriff auf oder die Nutzung der Dienste ohne die ausdr\u00fcckliche schriftliche Genehmigung von ClipMyDeals;<\/li>\n\n\n\n<li>Manipulation des Betriebs, der Funktionalit\u00e4t oder der Sicherheit der Dienste;<\/li>\n\n\n\n<li>der Versuch, in die Dienste eingebettete Sicherheits- oder Nutzungsregeln au\u00dfer Kraft zu setzen oder zu umgehen, die den Schutz digitaler Materialien erm\u00f6glichen;<\/li>\n\n\n\n<li>der Versuch, die Schwachstellen der Dienste oder eines damit verbundenen Systems oder Netzwerks zu untersuchen, zu scannen oder zu testen oder Sicherheits- oder Authentifizierungsma\u00dfnahmen zu verletzen;<\/li>\n\n\n\n<li>Missbrauch, Trickserei, St\u00f6rung oder anderweitige St\u00f6rung des Funktionierens der Dienste;<\/li>\n\n\n\n<li>Sammeln oder Sammeln von E-Mail-Adressen oder anderen Kontaktinformationen anderer Benutzer oder Kunden aus den Diensten auf elektronischem oder anderem Wege;<\/li>\n\n\n\n<li>Reverse Engineering, Dekompilierung, Disassemblierung, Entschl\u00fcsselung oder anderweitiger Versuch, den Quellcode f\u00fcr zugrunde liegendes geistiges Eigentum, das zur Bereitstellung der Dienste verwendet wird, abzuleiten;<\/li>\n\n\n\n<li>&#8222;Framing&#8220;, &#8222;Mirroring&#8220; oder anderweitige Simulation des Aussehens oder der Funktion der Dienste;<\/li>\n\n\n\n<li>F\u00e4lschen eines TCP\/IP-Paket-Headers oder eines Teils der Header-Informationen in einem E-Mail- oder Newsgroup-Posting;<\/li>\n\n\n\n<li>Deep-Links zu irgendeinem Teil dieser Dienste ohne unsere ausdr\u00fcckliche schriftliche Genehmigung;<\/li>\n\n\n\n<li>rechtswidrig oder b\u00f6swillig gegen die Gesch\u00e4ftsinteressen oder den Ruf von ClipMyDeals oder den \u00fcber die Dienste beworbenen H\u00e4ndlern handelt;<\/li>\n\n\n\n<li>Hyperlinks zu den Diensten von einer anderen Website ohne unsere anf\u00e4ngliche und laufende Zustimmung;<\/li>\n\n\n\n<li>Nutzung der Dienste oder ihrer Inhalte zur Werbung oder Werbung, f\u00fcr andere kommerzielle, politische oder religi\u00f6se Zwecke oder um direkt oder indirekt mit ClipMyDeals zu konkurrieren;<\/li>\n\n\n\n<li>Weiterverkauf oder Wiederverwendung Ihres Zugriffs auf die Dienste oder von K\u00e4ufen, die \u00fcber die Dienste get\u00e4tigt werden; oder<\/li>\n\n\n\n<li>Nutzung der Dienste oder ihrer Ressourcen, um andere Nutzer der Dienste, H\u00e4ndler oder andere Gesch\u00e4ftspartner von ClipMyDeals dazu zu bewegen,&nbsp; Nutzer oder Partner anderer Online- oder Offline-Dienste zu werden, die direkt oder indirekt mit ClipMyDeals konkurrieren oder potenziell konkurrieren, einschlie\u00dflich, aber nicht beschr\u00e4nkt auf die Aggregation aktueller oder zuvor angebotener Gutscheine oder Angebote.<\/li>\n<\/ol>\n\n\n\n<p><strong>[HINWEIS: Verst\u00f6\u00dfe gegen die System- oder Netzwerksicherheit k\u00f6nnen zivil- oder strafrechtlich haftbar gemacht werden. Sie stimmen zu, dass es in Ihrer Verantwortung liegt, Antivirensoftware und den damit verbundenen Schutz vor Viren, Trojanern, W\u00fcrmern, Zeitbomben, Cancelbots oder anderen Computerprogrammierroutinen oder -modulen zu installieren, die dazu bestimmt sind, die Funktionalit\u00e4t oder den Betrieb eines Computers zu besch\u00e4digen, zu zerst\u00f6ren, zu st\u00f6ren oder anderweitig zu beeintr\u00e4chtigen.]<\/strong><\/p>\n\n\n\n<p><strong>GENAUIGKEIT<\/strong><strong><\/strong><\/p>\n\n\n\n<p>ClipMyDeals gibt keine Zusicherungen oder Garantien hinsichtlich der Richtigkeit oder Eignung f\u00fcr die Nutzung von Angeboten, einschlie\u00dflich, aber nicht beschr\u00e4nkt auf Gutscheine, Rabatte, Rabatte usw., die \u00fcber die Dienste ver\u00f6ffentlicht werden, oder dass Dritte solche Angebote, Gutscheine, Rabatte, Rabatte usw., die \u00fcber die Dienste ver\u00f6ffentlicht werden, respektieren oder anerkennen.<\/p>\n\n\n\n<p>ClipMyDeals ist nicht verantwortlich f\u00fcr die Bereitstellung eines Wertes f\u00fcr Angebote, Gutscheine, Rabatte, Rabatte usw., die \u00fcber die Dienste ver\u00f6ffentlicht werden. &nbsp;ClipMyDeals ist nicht verantwortlich f\u00fcr die \u00c4nderung von Informationen auf Websites oder Gesch\u00e4ften Dritter, einschlie\u00dflich, aber nicht beschr\u00e4nkt auf Rabattinformationen, Preise, Verf\u00fcgbarkeit oder Gebrauchstauglichkeit.<\/p>\n\n\n\n<p>ClipMyDeals \u00fcberpr\u00fcft nicht und kann nicht das gesamte Material \u00fcberpr\u00fcfen, das \u00fcber Websites zur Verf\u00fcgung gestellt wird, die mit einem Teil der Dienste verlinkt sind oder verlinkt sind. &nbsp;ClipMyDeals garantiert nicht, dass die Dienste oder Funktionen, die in ClipMyDeals-Inhalten enthalten sind, die \u00fcber die Dienste verf\u00fcgbar sind, &nbsp;ununterbrochen oder fehlerfrei sind, dass Fehler behoben werden oder dass die Dienste oder der Server, der sie zur Verf\u00fcgung stellt, frei von Viren oder Fehlern sind. &nbsp;<\/p>\n\n\n\n<p>IN KEINEM FALL HAFTEN CLIPMYDEALS ODER&nbsp; SEINE VERBUNDENEN UNTERNEHMEN F\u00dcR SCH\u00c4DEN (OB FOLGESCH\u00c4DEN, DIREKTE, ZUF\u00c4LLIGE, INDIREKTE, STRAFBARE, BESONDERE ODER ANDERWEITIGE), DIE SICH AUS ODER IN IRGENDEINER WEISE IM ZUSAMMENHANG MIT DEN ANGEBOTEN EINES DRITTEN ERGEBEN, UNABH\u00c4NGIG DAVON, OB DIESE SCH\u00c4DEN AUF VERTRAG, VERSCHULDENSUNABH\u00c4NGIGER HAFTUNG, UNERLAUBTER HANDLUNG ODER ANDEREN HAFTUNGSTHEORIEN BERUHEN UND AUCH UNABH\u00c4NGIG DAVON, OB CLIPMYDEALS TATS\u00c4CHLICH ODER KONSTRUKTIV DAR\u00dcBER INFORMIERT WURDE, DASS SCH\u00c4DEN M\u00d6GLICH WAREN.<\/p>\n\n\n\n<p><strong>VERLINKUNG<\/strong><strong><\/strong><\/p>\n\n\n\n<p>Sie verstehen, dass eine Verlinkung zu oder von den Diensten in keiner Weise impliziert, dass ClipMyDeals&nbsp; von Dritten unterst\u00fctzt wird oder dass ClipMyDeals einen Dritten oder &nbsp;eine Website eines Dritten bef\u00fcrwortet oder mit ihm verbunden ist. Sie stimmen zu, dass ClipMyDeals keine Verantwortung oder Haftung f\u00fcr Inhalte \u00fcbernimmt, auf die von Websites Dritter zugegriffen wird, oder f\u00fcr Sch\u00e4den, die von Websites Dritter verursacht werden. Andere Websites k\u00f6nnen Informationen, die sie sammeln, anders sammeln und behandeln, daher empfehlen wir Ihnen, die Datenschutzrichtlinie und die Nutzungsbedingungen f\u00fcr jede Website, die Sie besuchen, sorgf\u00e4ltig zu lesen und zu \u00fcberpr\u00fcfen.<\/p>\n\n\n\n<p><strong>MARKENINFORMATIONEN<\/strong><strong><\/strong><\/p>\n\n\n\n<p>Sie erkl\u00e4ren sich damit einverstanden, dass alle Marken,&nbsp; Handelsnamen, Dienstleistungsmarken und andere Logos und Markenmerkmale von ClipMyDeals (einschlie\u00dflich, aber nicht beschr\u00e4nkt auf &#8222;ClipMyDeals&#8220;, &#8222;Alles speichern&#8220; und &#8222;Bei &nbsp;ClipMyDeals speichern&#8220;), die \u00fcber die Dienste angezeigt werden (zusammen die &#8222;Marken&#8220;), Marken und Eigentum von ClipMyDeals sind. Sie erkl\u00e4ren sich damit einverstanden, &nbsp;die Marken von ClipMyDeals in keiner Weise ohne die &nbsp;vorherige Genehmigung von ClipMyDeals anzuzeigen oder zu verwenden. Marken Dritter sind Eigentum ihrer jeweiligen Drittinhaber. Das Vorhandensein einer Marke Dritter in den Diensten bedeutet nicht, &nbsp;dass ClipMyDeals &nbsp;eine Beziehung zu diesem Dritten unterh\u00e4lt oder dass dieser Dritte die Dienste oder ClipMyDeals unterst\u00fctzt.<\/p>\n\n\n\n<p><strong>EIGENTUM AN GEISTIGEM EIGENTUM<\/strong><strong><\/strong><\/p>\n\n\n\n<p>Alle Rechte, Titel und Interessen an den Diensten, einschlie\u00dflich Technologie und Gesch\u00e4ftsgeheimnissen, die darin enthalten sind, und alle kundenspezifischen Entwicklungen, die in Verbindung mit oder im Zusammenhang mit diesen Bedingungen erstellt oder bereitgestellt werden, einschlie\u00dflich aller Urheberrechte, Patente, Gesch\u00e4ftsgeheimnisse, Handelsaufmachungs- und anderen Eigentumsrechte sowie aller davon abgeleiteten Werke, geh\u00f6ren ausschlie\u00dflich ClipMyDeals.&nbsp; oder seinen Lizenzgebern, und Sie haben keinerlei Rechte an einem der vorstehenden. Sie erkennen an, dass die Dienste ein wertvolles Gesch\u00e4ftsgeheimnis darstellen und\/oder vertrauliche Informationen von ClipMyDeals oder seinen Lizenzgebern sind. Nichts in diesen Bedingungen oder anderweitig ist so auszulegen, dass Ihnen ein Eigentumsrecht an den Diensten gew\u00e4hrt wird, ganz oder teilweise. Alle Inhalte und Materialien, die als Teil der Dienste enthalten sind, wie Texte, Grafiken, Logos, Schaltfl\u00e4chensymbole, Bilder, Audioclips, Informationen, Daten, Formulare, Fotos, Grafiken, Grafiken, Videos, Schriftarten, Grafiken, Musik, T\u00f6ne und andere Materialien und Software (die &#8222;Werke&#8220;), sind Eigentum von ClipMyDeals, seinen Lizenzgebern oder anwendbaren Rechteinhabern Dritter (z. B. H\u00e4ndlern) und sind urheberrechtlich gesch\u00fctzt.&nbsp; Marken, Gesch\u00e4ftsgeheimnisse oder andere Eigentumsrechte und diese Rechte sind g\u00fcltig und gesch\u00fctzt in allen Formen, Medien und Technologien, die jetzt existieren oder sp\u00e4ter entwickelt werden. Alle Werke sind als Einzelwerke und als Sammelwerk nach Urheberrechtsgesetzen und internationalen Vertragsbestimmungen urheberrechtlich gesch\u00fctzt, und ClipMyDeals besitzt ein Urheberrecht an der Auswahl, Koordination, Anordnung und Verbesserung derselben. Sie d\u00fcrfen die Werke weder ganz noch teilweise \u00e4ndern, entfernen, l\u00f6schen, erg\u00e4nzen, ver\u00f6ffentlichen, \u00fcbertragen, anpassen, \u00fcbersetzen, an der \u00dcbertragung oder dem Verkauf teilnehmen, abgeleitete Werke davon erstellen oder in irgendeiner Weise verwerten. Jede andere als die hierin vorgesehene Nutzung, einschlie\u00dflich der Vervielf\u00e4ltigung, \u00c4nderung, Verbreitung, \u00dcbertragung, Anpassung, \u00dcbersetzung, Wiederver\u00f6ffentlichung, Anzeige oder Auff\u00fchrung der Werke, sofern hierin nicht ausdr\u00fccklich gestattet, ist strengstens untersagt. Sie verstehen und erkennen an, dass die unbefugte Offenlegung, Nutzung oder das Kopieren der gem\u00e4\u00df diesen Bedingungen bereitgestellten propriet\u00e4ren Produkte und Dienstleistungen ClipMyDeals &nbsp;und seinen Lizenzgebern &nbsp;irreparablen Schaden zuf\u00fcgen kann, der rechtlich nicht behoben werden kann, und Sie stimmen zu, dass &nbsp;die Rechtsmittel von ClipMyDeals und seinen Lizenzgebern bei Verst\u00f6\u00dfen gegen diese Bedingungen durch Unterlassung oder andere billigkeitsrechtliche Anspr\u00fcche nach Billigkeit erfolgen k\u00f6nnen. <strong>Unser Markenlogo und unser Markenname sind unter dem Markengesetz von 1999 registriert. Jede Verletzung oder jedes Plagiat jeglicher Art f\u00fchrt zu ernsthaften rechtlichen Schritten gegen den T\u00e4ter.<\/strong><\/p>\n\n\n\n<p><strong>HAFTUNGSAUSSCHLUSS, HAFTUNGSFREISTELLUNG &amp; HAFTUNGSBESCHR\u00c4NKUNG<\/strong><strong><\/strong><\/p>\n\n\n\n<p>Verzichtserkl\u00e4rung<\/p>\n\n\n\n<p>DIE DIENSTE WERDEN VON CLIPMYDEALS &#8222;WIE &nbsp;BESEHEN&#8220; UND &#8222;WIE VERF\u00dcGBAR&#8220; BEREITGESTELLT. &nbsp;CLIPMYDEALS GIBT KEINE ZUSICHERUNGEN ODER GEW\u00c4HRLEISTUNGEN JEGLICHER ART, WEDER AUSDR\u00dcCKLICH NOCH STILLSCHWEIGEND, IN BEZUG AUF DEN BETRIEB DER DIENSTE ODER DIE INFORMATIONEN, INHALTE, MATERIALIEN ODER PRODUKTE, DIE \u00dcBER DIE DIENSTE VERF\u00dcGBAR SIND. SIE STIMMEN AUSDR\u00dcCKLICH ZU, DASS IHRE NUTZUNG DER DIENSTE AUF IHR EIGENES RISIKO ERFOLGT.<\/p>\n\n\n\n<p>SOWEIT GESETZLICH ZUL\u00c4SSIG, SCHLIESST CLIPMYDEALS ALLE AUSDR\u00dcCKLICHEN ODER STILLSCHWEIGENDEN GEW\u00c4HRLEISTUNGEN AUS, EINSCHLIESSLICH, ABER NICHT BESCHR\u00c4NKT AUF STILLSCHWEIGENDE GEW\u00c4HRLEISTUNGEN DER MARKTG\u00c4NGIGKEIT UND EIGNUNG F\u00dcR EINEN BESTIMMTEN ZWECK. &nbsp;CLIPMYDEALS &nbsp;GARANTIERT NICHT, DASS DIE DIENSTE, SEINE SERVER ODER E-MAILS, DIE &nbsp;VON CLIPMYDEALS GESENDET WERDEN, &nbsp;FREI VON VIREN ODER ANDEREN SCH\u00c4DLICHEN KOMPONENTEN SIND.<\/p>\n\n\n\n<p>ALLE BILDER, DIE IM CLIPMYDEALS-BLOG GEZEIGT ODER VERWENDET &nbsp;WERDEN, DIENEN NUR ZU ILLUSTRATIONSZWECKEN.<\/p>\n\n\n\n<p>Loslassen<\/p>\n\n\n\n<p>SIE SIND ALLEIN VERANTWORTLICH F\u00dcR IHRE INTERAKTIONEN MIT H\u00c4NDLERN UND ANDEREN BENUTZERN DER WEBSITE. SOWEIT NACH GELTENDEM RECHT ZUL\u00c4SSIG, STELLEN SIE CLIPMYDEALS HIERMIT &nbsp;VON ALLEN ANSPR\u00dcCHEN ODER HAFTUNGEN IM ZUSAMMENHANG MIT EINEM PRODUKT ODER EINER DIENSTLEISTUNG EINES H\u00c4NDLERS, EINER HANDLUNG ODER UNTERLASSUNG DES H\u00c4NDLERS, EINSCHLIESSLICH DER NICHTEINHALTUNG GELTENDER GESETZE DURCH DEN H\u00c4NDLER, UND JEGLICHEM VERHALTEN ODER JEDER REDE, OB ONLINE ODER OFFLINE, EINES ANDEREN BENUTZERS FREI.<\/p>\n\n\n\n<p>Haftungsbeschr\u00e4nkung<\/p>\n\n\n\n<p>CLIPMYDEALS HAFTET NICHT F\u00dcR SCH\u00c4DEN JEGLICHER ART, DIE SICH AUS DER NUTZUNG DIESER DIENSTE ERGEBEN, EINSCHLIESSLICH, ABER NICHT BESCHR\u00c4NKT AUF DIREKTE, INDIREKTE, ZUF\u00c4LLIGE, STRAF- UND FOLGESCH\u00c4DEN.<\/p>\n\n\n\n<p>Anwendbarkeit<\/p>\n\n\n\n<p>DIE GESETZE BESTIMMTER GERICHTSBARKEITEN ERLAUBEN KEINE BESCHR\u00c4NKUNGEN STILLSCHWEIGENDER GARANTIEN ODER DEN AUSSCHLUSS ODER DIE BESCHR\u00c4NKUNG BESTIMMTER SCH\u00c4DEN. WENN DIESE GESETZE F\u00dcR SIE GELTEN, GELTEN EINIGE ODER ALLE DER OBEN GENANNTEN HAFTUNGSAUSSCHL\u00dcSSE, AUSSCHL\u00dcSSE ODER BESCHR\u00c4NKUNGEN M\u00d6GLICHERWEISE NICHT F\u00dcR SIE, UND SIE HABEN M\u00d6GLICHERWEISE ZUS\u00c4TZLICHE RECHTE.<\/p>\n\n\n\n<p><strong>BESCHR\u00c4NKTER ZUGANG<\/strong><strong><\/strong><\/p>\n\n\n\n<ol class=\"wp-block-list\">\n<li>Wir haben den Zugriff auf bestimmte Bereiche unserer Website eingeschr\u00e4nkt. Wir behalten uns das Recht vor, den Zugang zu anderen Bereichen unserer Website oder unserer gesamten Website nach unserer Umsicht einzuschr\u00e4nken.<\/li>\n\n\n\n<li>Wenn wir einen Datenabfluss feststellen, werden wir Ihre Benutzer-ID und Ihr Passwort sofort ohne vorherige Ank\u00fcndigung oder Erkl\u00e4rung deaktivieren.<\/li>\n<\/ol>\n","protected":false},"excerpt":{"rendered":"<p>ANNAHME DER ALLGEMEINEN GESCH\u00c4FTSBEDINGUNGEN ClipMyDeals (im Folgenden als &#8222;ClipMyDeals&#8220;, &#8222;wir&#8220;, &#8222;uns&#8220; oder &#8222;unser&#8220; bezeichnet) bietet einen digitalen Coupon-Marktplatz in Gro\u00dfbritannien (die &#8222;Dienste&#8220;), der die unter www. ClipMyDeals.com (und alle anderen Websites mit ClipMyDeals-Branding, die auf diese Bedingungen verweisen) (zusammen die &#8222;Website&#8220;). Die Dienste erm\u00f6glichen es Benutzern beispielsweise, auf Gutscheine bestimmter Drittanbieter (&#8222;H\u00e4ndler&#8220;) f\u00fcr die Online-Nutzung [&hellip;]<\/p>\n","protected":false},"author":1,"featured_media":0,"parent":0,"menu_order":0,"comment_status":"closed","ping_status":"closed","template":"","meta":{"footnotes":""},"class_list":["post-277","page","type-page","status-publish","hentry"],"_links":{"self":[{"href":"https:\/\/demo.clipmydeals.com\/13\/wp-json\/wp\/v2\/pages\/277","targetHints":{"allow":["GET"]}}],"collection":[{"href":"https:\/\/demo.clipmydeals.com\/13\/wp-json\/wp\/v2\/pages"}],"about":[{"href":"https:\/\/demo.clipmydeals.com\/13\/wp-json\/wp\/v2\/types\/page"}],"author":[{"embeddable":true,"href":"https:\/\/demo.clipmydeals.com\/13\/wp-json\/wp\/v2\/users\/1"}],"replies":[{"embeddable":true,"href":"https:\/\/demo.clipmydeals.com\/13\/wp-json\/wp\/v2\/comments?post=277"}],"version-history":[{"count":1,"href":"https:\/\/demo.clipmydeals.com\/13\/wp-json\/wp\/v2\/pages\/277\/revisions"}],"predecessor-version":[{"id":278,"href":"https:\/\/demo.clipmydeals.com\/13\/wp-json\/wp\/v2\/pages\/277\/revisions\/278"}],"wp:attachment":[{"href":"https:\/\/demo.clipmydeals.com\/13\/wp-json\/wp\/v2\/media?parent=277"}],"curies":[{"name":"wp","href":"https:\/\/api.w.org\/{rel}","templated":true}]}}