{"id":261,"date":"2024-01-28T11:41:01","date_gmt":"2024-01-28T11:41:01","guid":{"rendered":"https:\/\/demo.clipmydeals.com\/14\/?page_id=261"},"modified":"2024-01-28T11:41:01","modified_gmt":"2024-01-28T11:41:01","slug":"termos-de-uso","status":"publish","type":"page","link":"https:\/\/demo.clipmydeals.com\/14\/termos-de-uso\/","title":{"rendered":"Termos de uso"},"content":{"rendered":"\n<p><strong><br>ACEITA\u00c7\u00c3O DOS TERMOS<\/strong><strong><\/strong><\/p>\n\n\n\n<p>ClipMyDeals (doravante chamado &#8220;ClipMyDeals&#8221;, &#8220;n\u00f3s&#8221;, &#8220;n\u00f3s&#8221;, ou &#8220;nosso&#8221;) fornece um mercado de cupons digitais no Reino Unido (os &#8220;Servi\u00e7os&#8221;) que inclui, e \u00e9 acess\u00edvel atrav\u00e9s do site publicado em www. ClipMyDeals.com (e quaisquer outros sites com &nbsp;a marca ClipMyDeals que se vinculem a estes Termos) (coletivamente, o &#8220;Site&#8221;). Os Servi\u00e7os, por exemplo, permitem que os usu\u00e1rios acessem cupons de certos comerciantes terceirizados (&#8220;Comerciantes&#8221;) para uso on-line. Ao utilizar os Servi\u00e7os, voc\u00ea concorda em cumprir e estar legalmente vinculado aos termos e condi\u00e7\u00f5es destes Termos de Uso (&#8220;Termos&#8221;), quer voc\u00ea se torne ou n\u00e3o um usu\u00e1rio registrado dos Servi\u00e7os. Estes Termos regem o seu acesso e uso dos Servi\u00e7os, e constituem um acordo legal vinculativo entre voc\u00ea e ClipMyDeals. Leia atentamente estes Termos e Nossa Pol\u00edtica de Privacidade e que \u00e9 incorporado por refer\u00eancia a estes Termos.<\/p>\n\n\n\n<p>Se voc\u00ea n\u00e3o concordar com estes termos, por favor, n\u00e3o use os Servi\u00e7os.<\/p>\n\n\n\n<p><strong>Acesso, distribui\u00e7\u00e3o, reprodu\u00e7\u00e3o, c\u00f3pia, retransmiss\u00e3o, publica\u00e7\u00e3o, venda, explora\u00e7\u00e3o (comercial ou n\u00e3o), ou qualquer outra forma de transfer\u00eancia de qualquer parte do Site, Aplicativo ou Servi\u00e7os, incluindo, mas n\u00e3o se limitando a todo conte\u00fado, servi\u00e7os, produtos digitais, ferramentas ou produtos, \u00e9 expressamente proibido<\/strong><\/p>\n\n\n\n<p><strong>INTRODU\u00c7\u00c3O<\/strong><strong><\/strong><\/p>\n\n\n\n<p>A ClipMyDeals oferece o desconto especificado contra itens\/produtos pertencentes aos comerciantes interessados que s\u00e3o amplamente vendidos online. Esses cupons de desconto s\u00e3o configurados pelos crit\u00e9rios promocionais pelos pr\u00f3prios comerciantes e podem ser aproveitados por qualquer pessoa. Esses cupons geralmente duram um certo per\u00edodo de tempo e expirar\u00e3o ap\u00f3s um per\u00edodo especificado. Definimos as melhores ofertas e descontos pelo menor tempo, \u00e0s vezes apenas horas ou por um dia. Assim, torna-se necess\u00e1rio que voc\u00ea nos siga regularmente para c\u00f3digos de desconto para receber as melhores ofertas. Nosso motivo por tr\u00e1s desses c\u00f3digos \u00e9 gerar vendas para os comerciantes dentro do per\u00edodo de tempo especificado, aproveitando simultaneamente a publicidade e a marca desses comerciantes.<\/p>\n\n\n\n<p>&#8220;Login&#8221; significa que permitimos que o &#8220;Usu\u00e1rio&#8221; se registre e tenha acesso a determinados elementos do site sob nossos termos de uso.<\/p>\n\n\n\n<p>&#8220;Usu\u00e1rio&#8221; significa qualquer pessoa que visite ou use o site.<\/p>\n\n\n\n<p><strong>PARTICIPA\u00c7\u00c3O<\/strong><strong><\/strong><\/p>\n\n\n\n<p>Inscri\u00e7\u00e3o<\/p>\n\n\n\n<p>Para utilizar determinadas parcelas dos Servi\u00e7os, voc\u00ea pode ser obrigado a concluir um processo de registro e estabelecer uma conta no ClipMyDeals (&#8220;Conta&#8221;). Voc\u00ea representa e garante que todas as informa\u00e7\u00f5es fornecidas por voc\u00ea ao ClipMyDeals s\u00e3o atuais, precisas e completas, e que voc\u00ea manter\u00e1 a exatid\u00e3o e completude dessas informa\u00e7\u00f5es em uma base r\u00e1pida e oportuna.<\/p>\n\n\n\n<p>Senha e Seguran\u00e7a<\/p>\n\n\n\n<p>Como usu\u00e1rio cadastrado dos Servi\u00e7os, voc\u00ea pode receber ou estabelecer um nome de usu\u00e1rio e uma ou mais senhas. Voc\u00ea \u00e9 o \u00fanico respons\u00e1vel por manter a confidencialidade e seguran\u00e7a de suas senhas e contas.s. Voc\u00ea entende e concorda que \u00e9 individual e totalmente respons\u00e1vel por todas as a\u00e7\u00f5es e postagens feitas a partir de sua conta.s. Todas as contas que voc\u00ea cria n\u00e3o s\u00e3o transfer\u00edveis. Voc\u00ea concorda em notificar o ClipMyDeals imediatamente se voc\u00ea tomar conhecimento de qualquer uso n\u00e3o autorizado de suas contas.<\/p>\n\n\n\n<p>Privacidade<\/p>\n\n\n\n<p>ClipMyDeals respeita a privacidade dos usu\u00e1rios. A Pol\u00edtica de Privacidade fornecida atrav\u00e9s do Site, e que pode ser encontrada na Pol\u00edtica de Privacidade, \u00e9 expressamente incorporada aqui por refer\u00eancia e fez parte destes Termos.<\/p>\n\n\n\n<p>Conte\u00fado gerado pelo usu\u00e1rio<\/p>\n\n\n\n<p>ClipMyDeals n\u00e3o faz pr\u00e9-tela ou revisa regularmente todo o conte\u00fado contribu\u00eddo. No entanto, &nbsp;o ClipMyDeals tem o direito absoluto (embora n\u00e3o a obriga\u00e7\u00e3o) de remover, sem aviso pr\u00e9vio, qualquer conte\u00fado publicado.<\/p>\n\n\n\n<p>Ao postar qualquer conte\u00fado, voc\u00ea representa e garante:<\/p>\n\n\n\n<ol class=\"wp-block-list\">\n<li>voc\u00ea tem todo o direito, t\u00edtulo e interesse por tal conte\u00fado publicado, incluindo, mas n\u00e3o se limitando a qualquer consentimento, autoriza\u00e7\u00e3o, libera\u00e7\u00e3o, libera\u00e7\u00e3o ou licen\u00e7a de qualquer terceiro (como, mas n\u00e3o limitado a, qualquer libera\u00e7\u00e3o relacionada a direitos de privacidade ou publicidade) necess\u00e1ria para que voc\u00ea forne\u00e7a, poste, carregue, insira ou envie o conte\u00fado publicado, ou<\/li>\n\n\n\n<li>tais conte\u00fados postados est\u00e1 em dom\u00ednio p\u00fablico, ou<\/li>\n\n\n\n<li>o uso de tais conte\u00fados postados constitui uso justo. Voc\u00ea ainda representa e garante que a publica\u00e7\u00e3o de tal conte\u00fado n\u00e3o viola ou constitui a viola\u00e7\u00e3o de qualquer patente, direitos autorais, marca registrada, segredo comercial, direito de privacidade, direito de publicidade, direitos morais ou outro direito de propriedade intelectual reconhecido por qualquer jurisdi\u00e7\u00e3o aplic\u00e1vel de qualquer pessoa ou entidade, ou de outra forma constitui a viola\u00e7\u00e3o de qualquer acordo com qualquer outra pessoa ou entidade.<\/li>\n<\/ol>\n\n\n\n<p>Voc\u00ea tamb\u00e9m concorda em n\u00e3o postar nenhum dos seguintes tipos de conte\u00fado no Site:<\/p>\n\n\n\n<ol class=\"wp-block-list\" start=\"3\">\n<li>conte\u00fado adulto, pornografia, imagens sexuais expl\u00edcitas ou imagens nuas;<\/li>\n\n\n\n<li>conte\u00fado contendo linguagem expl\u00edcita, vulgar ou obscena;<\/li>\n\n\n\n<li>conte\u00fado que promova o \u00f3dio, o abuso ou a\u00e7\u00f5es destrutivas;<\/li>\n\n\n\n<li>conte\u00fado que promova atividades ilegais; ou principalmente conte\u00fado pol\u00edtico, religioso, ps\u00edquico ou metaf\u00edsico;<\/li>\n\n\n\n<li>conte\u00fado que promova softwares piratas;<\/li>\n\n\n\n<li>conte\u00fado que pretenda phishing ou dissemina\u00e7\u00e3o de malware;<\/li>\n\n\n\n<li>conte\u00fado que seja depreciativo de qualquer pessoa ou entidade;<\/li>\n\n\n\n<li>conte\u00fado que esteja violando qualquer lei ou regulamento; ou<\/li>\n\n\n\n<li>qualquer outro conte\u00fado que seja ou possa ser considerado inadequado, inadequado ou ofensivo, tudo conforme determinado por n\u00f3s.<\/li>\n<\/ol>\n\n\n\n<p><strong>LICEN\u00c7A PARA CLIPMYDEALS<\/strong><strong><\/strong><\/p>\n\n\n\n<p>Ao postar ou contribuir com conte\u00fado para os Servi\u00e7os, ou fornecendo qualquer feedback, sugest\u00f5es, ideias e outras submiss\u00f5es ao ClipMyDeals, voc\u00ea est\u00e1 concedendo ao ClipMyDeals, uma licen\u00e7a n\u00e3o exclusiva, livre de royalties, perp\u00e9tua e mundial para usar seu conte\u00fado em conex\u00e3o com o funcionamento dos Servi\u00e7os, incluindo, sem limita\u00e7\u00e3o, (a) os direitos de licen\u00e7a para copiar, distribuir, transmitir, exibir publicamente,&nbsp; executar, reproduzir, editar, traduzir e reformular publicamente seu conte\u00fado e\/ou incorpor\u00e1-lo em um trabalho coletivo e (b) o direito de sublicen\u00e7ar qualquer ou todos os direitos de licen\u00e7a da ClipMyDeals para terceiros. Voc\u00ea ainda renuncia a todo e qualquer direito moral dentro e fora de tal conte\u00fado em favor da ClipMyDeals. Para maior certeza, isso significa que, entre outras coisas, &nbsp;a ClipMyDeals tem o direito de usar toda e qualquer ideia que voc\u00ea enviar (incluindo ideias sobre nossos produtos, servi\u00e7os, publica\u00e7\u00f5es ou campanhas publicit\u00e1rias) de qualquer maneira que escolhermos, sem qualquer aviso ou obriga\u00e7\u00e3o com voc\u00ea.<\/p>\n\n\n\n<p>Uso aceit\u00e1vel<\/p>\n\n\n\n<p>O ClipMyDeals concede-lhe uma licen\u00e7a limitada, n\u00e3o exclusiva, intransfer\u00edvel, de acesso e uso dos Servi\u00e7os fornecidos pela ClipMyDeals apenas para seu uso pessoal e prazer da maneira permitida por estes Termos. Voc\u00ea n\u00e3o deve tentar ou se envolver em atos potencialmente prejudiciais que s\u00e3o direcionados contra os Servi\u00e7os, incluindo, sem limita\u00e7\u00e3o, qualquer um ou mais dos seguintes:<\/p>\n\n\n\n<ol class=\"wp-block-list\">\n<li>Utiliza\u00e7\u00e3o dos Servi\u00e7os em viola\u00e7\u00e3o de qualquer outro acordo para o qual voc\u00ea \u00e9 parte, incluindo, sem limita\u00e7\u00e3o, qualquer contrato de trabalho para o qual voc\u00ea possa ser parte;<\/li>\n\n\n\n<li>causando, permitindo ou ajudando qualquer outra pessoa a se passar por voc\u00ea;<\/li>\n\n\n\n<li>compartilhar sua senha ou login com qualquer outra pessoa;<\/li>\n\n\n\n<li>fazer login em um servidor ou conta(s) que voc\u00ea n\u00e3o est\u00e1 autorizado a acessar;<\/li>\n\n\n\n<li>criar mais de uma conta, falsificar nomes de usu\u00e1rios, manipular identificadores ou se passar por qualquer outra pessoa ou deturpar sua identidade ou afilia\u00e7\u00e3o com qualquer pessoa ou entidade;<\/li>\n\n\n\n<li>emular ou fingir o uso dos Servi\u00e7os;<\/li>\n\n\n\n<li>violar ou tentar violar quaisquer recursos de seguran\u00e7a dos Servi\u00e7os;<\/li>\n\n\n\n<li>usando software manual ou automatizado, dispositivos, scripts, rob\u00f4s ou outros meios ou processos para acessar, &#8220;raspar&#8221;, &#8220;rastejar&#8221; ou &#8220;aranha&#8221; quaisquer p\u00e1ginas contidas no Site;<\/li>\n\n\n\n<li>introduzindo v\u00edrus, worms, software, cavalos de Tr\u00f3ia ou outro c\u00f3digo nocivo semelhante nos Servi\u00e7os;<\/li>\n\n\n\n<li>interferindo ou tentando interferir no uso dos Servi\u00e7os por qualquer outro usu\u00e1rio, host ou rede, inclusive sem limita\u00e7\u00e3o por meio da apresenta\u00e7\u00e3o de um v\u00edrus, sobrecarga, &#8220;inunda\u00e7\u00e3o&#8221;, &#8220;spam&#8221;, &#8220;bombardeio de e-mails&#8221;, &#8220;ping&#8221; ou &#8220;travamento&#8221; dos Servi\u00e7os;<\/li>\n\n\n\n<li>causando, permitindo ou auxiliando m\u00e1quinas, bots ou servi\u00e7os automatizados para acessar ou usar os Servi\u00e7os sem a permiss\u00e3o expressa por escrito do ClipMyDeals;<\/li>\n\n\n\n<li>adultera\u00e7\u00e3o da opera\u00e7\u00e3o, funcionalidade ou seguran\u00e7a dos Servi\u00e7os;<\/li>\n\n\n\n<li>tentando substituir ou burlar quaisquer regras de seguran\u00e7a ou uso incorporadas aos Servi\u00e7os que permitam a prote\u00e7\u00e3o de materiais digitais;<\/li>\n\n\n\n<li>tentar sondar, digitalizar ou testar a vulnerabilidade dos Servi\u00e7os ou qualquer sistema ou rede associado, ou violar quaisquer medidas de seguran\u00e7a ou autentica\u00e7\u00e3o;<\/li>\n\n\n\n<li>uso indevido, truque, interrup\u00e7\u00e3o ou interfer\u00eancia de outra forma no funcionamento dos Servi\u00e7os;<\/li>\n\n\n\n<li>coleta ou coleta de endere\u00e7os de e-mail ou outras informa\u00e7\u00f5es de contato de outros usu\u00e1rios ou clientes dos Servi\u00e7os por meios eletr\u00f4nicos ou outros;<\/li>\n\n\n\n<li>engenharia reversa, descompilamento, desmontagem, decifra\u00e7\u00e3o ou de outra forma tentando derivar o c\u00f3digo fonte para qualquer propriedade intelectual subjacente usada para fornecer os Servi\u00e7os;<\/li>\n\n\n\n<li>engajar-se em &#8220;enquadramento&#8221;, &#8220;espelhamento&#8221; ou simular de outra forma a apar\u00eancia ou fun\u00e7\u00e3o dos Servi\u00e7os;<\/li>\n\n\n\n<li>forjar qualquer cabe\u00e7alho de pacote TCP\/IP ou qualquer parte das informa\u00e7\u00f5es do cabe\u00e7alho em qualquer postagem por e-mail ou grupo de not\u00edcias;<\/li>\n\n\n\n<li>liga\u00e7\u00e3o profunda com qualquer parte destes Servi\u00e7os sem nossa permiss\u00e3o expressa por escrito;<\/li>\n\n\n\n<li>agindo ilegal ou maliciosamente contra os interesses comerciais ou reputa\u00e7\u00e3o da ClipMyDeals ou dos Comerciantes promovidos atrav\u00e9s dos Servi\u00e7os;<\/li>\n\n\n\n<li>hiperliga\u00e7\u00e3o aos Servi\u00e7os a partir de qualquer outro site sem o nosso consentimento inicial e cont\u00ednuo;<\/li>\n\n\n\n<li>por meio dos Servi\u00e7os ou qualquer um de seus conte\u00fados para anunciar ou solicitar, para qualquer outro prop\u00f3sito comercial, pol\u00edtico ou religioso, ou para competir, direta ou indiretamente com a ClipMyDeals;<\/li>\n\n\n\n<li>revender ou redefinir seu acesso aos Servi\u00e7os ou quaisquer compras feitas atrav\u00e9s dos Servi\u00e7os; ou<\/li>\n\n\n\n<li>usando os Servi\u00e7os ou qualquer de seus recursos para solicitar outros usu\u00e1rios dos Servi\u00e7os, Comerciantes ou outros parceiros de neg\u00f3cios da ClipMyDeals para se tornarem usu\u00e1rios ou parceiros de outros servi\u00e7os on-line ou off-line direta ou indiretamente competitivos ou potencialmente competitivos com o ClipMyDeals, incluindo, sem limita\u00e7\u00e3o, agregando cupons ou ofertas atuais ou previamente oferecidas.<\/li>\n<\/ol>\n\n\n\n<p><strong>[NOTA: Viola\u00e7\u00f5es da seguran\u00e7a do sistema ou da rede podem resultar em responsabilidade civil ou criminal. Voc\u00ea concorda que \u00e9 sua responsabilidade instalar software antiv\u00edrus e prote\u00e7\u00f5es relacionadas contra v\u00edrus, cavalos de Tr\u00f3ia, worms, bombas-rel\u00f3gio, cancelbots ou outras rotinas de programa\u00e7\u00e3o de computador ou motores que se destinem a danificar, destruir, interromper ou prejudicar a funcionalidade ou opera\u00e7\u00e3o de um computador.]<\/strong><\/p>\n\n\n\n<p><strong>EXATID\u00c3O<\/strong><strong><\/strong><\/p>\n\n\n\n<p>A ClipMyDeals n\u00e3o faz nenhuma representa\u00e7\u00e3o ou garantia quanto \u00e0 exatid\u00e3o ou adequa\u00e7\u00e3o para uso de quaisquer ofertas, incluindo, mas n\u00e3o se limitando a, cupons, descontos, descontos, etc. postados atrav\u00e9s dos Servi\u00e7os ou que qualquer terceiro honrar\u00e1 ou reconhecer\u00e1 quaisquer ofertas, cupons, descontos, descontos, etc. postados atrav\u00e9s dos Servi\u00e7os.<\/p>\n\n\n\n<p>A ClipMyDeals n\u00e3o se responsabiliza por fornecer qualquer valor para quaisquer ofertas, cupons, descontos, descontos, etc. postados atrav\u00e9s dos Servi\u00e7os. &nbsp;A ClipMyDeals n\u00e3o se responsabiliza pela mudan\u00e7a de informa\u00e7\u00f5es em sites ou lojas de terceiros, incluindo, mas n\u00e3o se limitando a informa\u00e7\u00f5es de desconto, pre\u00e7os, disponibilidade ou aptid\u00e3o para uso.<\/p>\n\n\n\n<p>O ClipMyDeals n\u00e3o revisa e n\u00e3o pode revisar todo o material disponibilizado atrav\u00e9s de sites vinculados ou vinculando-se a qualquer parte dos Servi\u00e7os. &nbsp;O ClipMyDeals n\u00e3o garante que os Servi\u00e7os ou quaisquer fun\u00e7\u00f5es contidas no &nbsp;conte\u00fado do ClipMyDeals dispon\u00edveis atrav\u00e9s dos Servi\u00e7os sejam ininterruptos ou livres de erros, que os defeitos ser\u00e3o corrigidos ou que os Servi\u00e7os ou o servidor que os disponibiliza estejam livres de v\u00edrus ou bugs.<\/p>\n\n\n\n<p>EM NENHUM CASO OS ADVOGADOS OU SEUS AFILIADOS SER\u00c3O RESPONS\u00c1VEIS POR QUAISQUER DANOS (CONSEQUENTES, DIRETOS, INCIDENTAIS, INDIRETOS, PUNITIVOS, ESPECIAIS OU N\u00c3O) DECORRENTES, OU DE QUALQUER FORMA RELACIONADOS COM AS OFERTAS DE TERCEIROS, INDEPENDENTEMENTE DE TAIS DANOS SEREM BASEADOS EM CONTRATO, RESPONSABILIDADE ESTRITA, DELITO OU OUTRAS TEORIAS DE RESPONSABILIDADE, E TAMB\u00c9M INDEPENDENTEMENTE DE SE OS CLIPES FORAM DADOS REAL OU CONSTRUTIVO QUE OS DANOS FORAM POSS\u00cdVEIS.<\/p>\n\n\n\n<p><strong>LIGANDO<\/strong><strong><\/strong><\/p>\n\n\n\n<p>Voc\u00ea entende que qualquer vincula\u00e7\u00e3o aos Servi\u00e7os ou aos Servi\u00e7os n\u00e3o implica de forma alguma que o ClipMyDeals seja endossado por qualquer terceiro ou que o ClipMyDeals endosse ou seja afiliado a qualquer outro ou a qualquer site de terceiros. Voc\u00ea concorda que o ClipMyDeals n\u00e3o tem responsabilidade ou responsabilidade por qualquer conte\u00fado acessado ou dano causado a qualquer site de terceiros. Outros sites podem coletar e tratar as informa\u00e7\u00f5es coletadas de forma diferente, por isso encorajamos voc\u00ea a ler e revisar cuidadosamente a pol\u00edtica de privacidade e os termos de uso de cada site que voc\u00ea visitar.<\/p>\n\n\n\n<p><strong>INFORMA\u00c7\u00d5ES SOBRE MARCAS COMERCIAIS<\/strong><strong><\/strong><\/p>\n\n\n\n<p>Voc\u00ea concorda que todas as marcas comerciais da ClipMyDeals, nomes comerciais, marcas de servi\u00e7o e outros logotipos e caracter\u00edsticas da marca (incluindo, sem limita\u00e7\u00e3o, &#8220;ClipMyDeals&#8221;, &#8220;Save On Everything&#8221; e &#8220;Save On ClipMyDeals&#8221;) que s\u00e3o exibidas atrav\u00e9s dos Servi\u00e7os (coletivamente, as &#8220;Marcas&#8221;) s\u00e3o marcas comerciais e propriedade da ClipMyDeals. Voc\u00ea concorda em n\u00e3o exibir ou usar &nbsp;as Marcas do ClipMyDeals de qualquer maneira sem &nbsp;a permiss\u00e3o pr\u00e9via do ClipMyDeals. Marcas comerciais de terceiros s\u00e3o propriedade de seus respectivos propriet\u00e1rios terceirizados. A presen\u00e7a de uma marca registrada de terceiros nos Servi\u00e7os n\u00e3o significa que a ClipMyDeals tenha qualquer rela\u00e7\u00e3o com esse terceiro ou que tal terceiro endosse os Servi\u00e7os ou ClipMyDeals.<\/p>\n\n\n\n<p><strong>PROPRIEDADE INTELECTUAL<\/strong><strong><\/strong><\/p>\n\n\n\n<p>Tudo bem, t\u00edtulo e interesse nos Servi\u00e7os, incluindo tecnologia e segredos comerciais incorporados nela e quaisquer desenvolvimentos personalizados criados ou fornecidos em conex\u00e3o com ou relacionados a estes Termos, incluindo todos os direitos autorais, patentes, segredos comerciais, vestu\u00e1rio comercial e outros direitos propriet\u00e1rios, e quaisquer obras derivadas, devem pertencer \u00fanica e exclusivamente \u00e0 ClipMyDeals&nbsp; ou seus licenciadores, e voc\u00ea n\u00e3o ter\u00e1 nenhum direito em qualquer um dos anteriores. Voc\u00ea reconhece que os Servi\u00e7os constituem um valioso segredo comercial e\/ou s\u00e3o as informa\u00e7\u00f5es confidenciais do ClipMyDeals ou de seus licenciadores. Nada nestes Termos ou de outra forma ser\u00e1 considerado para lhe conceder uma participa\u00e7\u00e3o acion\u00e1ria nos Servi\u00e7os, no todo ou em parte. Todo conte\u00fado e materiais inclu\u00eddos como parte dos Servi\u00e7os, como texto, gr\u00e1ficos, logotipos, \u00edcones de bot\u00f5es, imagens, clipes de \u00e1udio, informa\u00e7\u00f5es, dados, formul\u00e1rios, fotografias, gr\u00e1ficos, v\u00eddeos, tipografias, gr\u00e1ficos, m\u00fasica, sons e outros materiais e softwares (as &#8220;Obras&#8221;) s\u00e3o propriedade do ClipMyDeals, seus licenciadores ou detentores de direitos de terceiros aplic\u00e1veis (como Os Comerciantes), e \u00e9 protegido por direitos autorais,&nbsp; marcas comerciais, segredos comerciais ou outros direitos propriet\u00e1rios e esses direitos s\u00e3o v\u00e1lidos e protegidos em todas as formas, m\u00eddia e tecnologias existentes agora ou do que vem em seguida desenvolvidas. Todos os trabalhos s\u00e3o protegidos por direitos autorais como obras individuais e como um trabalho coletivo sob as leis de direitos autorais e disposi\u00e7\u00f5es do tratado internacional, e a ClipMyDeals possui um direito autoral na sele\u00e7\u00e3o, coordena\u00e7\u00e3o, arranjo e aprimoramento. Voc\u00ea n\u00e3o pode modificar, remover, excluir, aumentar, adicionar, publicar, transmitir, adaptar, traduzir, participar da transfer\u00eancia ou venda de, criar obras derivadas ou de qualquer forma explorar qualquer uma das Obras, no todo ou em parte. Qualquer outro uso que n\u00e3o seja o previsto aqui, incluindo a reprodu\u00e7\u00e3o, modifica\u00e7\u00e3o, distribui\u00e7\u00e3o, transmiss\u00e3o, adapta\u00e7\u00f5es, tradu\u00e7\u00e3o, republica\u00e7\u00e3o, exibi\u00e7\u00e3o ou performance, das Obras, exceto conforme especificamente permitido aqui, \u00e9 estritamente proibido. Voc\u00ea entende e reconhece que a divulga\u00e7\u00e3o, uso ou c\u00f3pia n\u00e3o autorizado dos produtos e servi\u00e7os propriet\u00e1rios fornecidos nos termos destes Termos pode causar &nbsp;danos irrepar\u00e1veis aos ClipMyDeals e seus licenciadores, que podem n\u00e3o ser sanados em lei, e voc\u00ea concorda que a ClipMyDeals e seus recursos licenciadores por viola\u00e7\u00e3o destes Termos podem ser em patrim\u00f4nio por meio de injuntivo ou outro al\u00edvio equitativo. <strong>Nosso Logotipo de Marca e Marca \u00e9 registrado sob o ato de Marca de 1999. Qualquer infra\u00e7\u00e3o ou pl\u00e1gio de qualquer tipo levar\u00e1 a s\u00e9rias a\u00e7\u00f5es legais contra o agressor.<\/strong><\/p>\n\n\n\n<p><strong>ISEN\u00c7\u00c3O DE RESPONSABILIDADE, LIBERA\u00c7\u00c3O E LIMITA\u00c7\u00c3O DE RESPONSABILIDADE<\/strong><strong><\/strong><\/p>\n\n\n\n<p>Disclaimer<\/p>\n\n\n\n<p>OS SERVI\u00c7OS S\u00c3O FORNECIDOS PELA CLIPMYDEALS EM UMA BASE &#8220;COMO EST\u00c1&#8221; E &#8220;CONFORME DISPON\u00cdVEL&#8221;. &nbsp;A CLIPMYDEALS N\u00c3O DISPONIBILIZA REPRESENTA\u00c7\u00d5ES OU GARANTIAS DE QUALQUER TIPO, EXPRESSAS OU IMPL\u00cdCITAS, QUANTO AO FUNCIONAMENTO DOS SERVI\u00c7OS OU \u00c0S INFORMA\u00c7\u00d5ES, CONTE\u00daDOS, MATERIAIS OU PRODUTOS DISPON\u00cdVEIS ATRAV\u00c9S DOS SERVI\u00c7OS. VOC\u00ca CONCORDA EXPRESSAMENTE QUE O USO DOS SERVI\u00c7OS \u00c9 DE SUA EXCLUSIVA RESPONSABILIDADE.<\/p>\n\n\n\n<p>NA MEDIDA DO PERMITIDO PELA LEI APLIC\u00c1VEL, A CLIPMYDEALS SE ISENTA DE TODAS AS GARANTIAS, EXPRESSAS OU IMPL\u00cdCITAS, INCLUINDO, MAS N\u00c3O SE LIMITANDO A, GARANTIAS IMPL\u00cdCITAS DE COMERCIALIZA\u00c7\u00c3O E ADEQUA\u00c7\u00c3O PARA UM PROP\u00d3SITO ESPEC\u00cdFICO. &nbsp;O CLIPMYDEALS N\u00c3O GARANTE QUE OS SERVI\u00c7OS, SEUS SERVIDORES OU E-MAILS ENVIADOS DA CLIPMYDEALS ESTEJAM LIVRES DE V\u00cdRUS OU OUTROS COMPONENTES NOCIVOS.<\/p>\n\n\n\n<p>TODAS AS FOTOS MOSTRADAS OU USADAS NO BLOG CLIPMYDEALS S\u00c3O APENAS PARA FINS DE ILUSTRA\u00c7\u00c3O.<\/p>\n\n\n\n<p>Soltar<\/p>\n\n\n\n<p>O USU\u00c1RIO RECONHECE COMO SENDO DE SUA EXCLUSIVA RESPONSABILIDADE OS RISCOS, OPINI\u00d5ES DOS USU\u00c1RIOS, SEJA COM RELA\u00c7\u00c3O \u00c0 ICARROS LTDA. NA MEDIDA PERMITIDA PELAS LEIS APLIC\u00c1VEIS, VOC\u00ca LIBERA OS CLIPES DE TODA E QUALQUER A\u00c7\u00c3O OU RESPONSABILIDADE RELACIONADA A QUALQUER PRODUTO OU SERVI\u00c7O DE UM COMERCIANTE, QUALQUER A\u00c7\u00c3O OU INA\u00c7\u00c3O DO COMERCIANTE, INCLUINDO O N\u00c3O CUMPRIMENTO DA LEI APLIC\u00c1VEL, E QUALQUER CONDUTA OU FALA, SEJA ON-LINE OU OFF-LINE, DE QUALQUER OUTRO USU\u00c1RIO.<\/p>\n\n\n\n<p>Limita\u00e7\u00e3o da Responsabilidade<\/p>\n\n\n\n<p>OS CLIPMYDEALS N\u00c3O SER\u00c3O RESPONS\u00c1VEIS POR QUAISQUER DANOS DE QUALQUER TIPO DECORRENTES DO USO DESSES SERVI\u00c7OS, INCLUINDO, MAS N\u00c3O SE LIMITANDO A DANOS DIRETOS, INDIRETOS, INCIDENTAIS, PUNITIVOS E CONSEQUENTES.<\/p>\n\n\n\n<p>Aplicabilidade<\/p>\n\n\n\n<p>AS LEIS DE CERTAS JURISDI\u00c7\u00d5ES N\u00c3O PERMITEM LIMITA\u00c7\u00d5ES SOBRE GARANTIAS IMPL\u00cdCITAS OU A EXCLUS\u00c3O OU LIMITA\u00c7\u00c3O DE CERTOS DANOS. SE ESSAS LEIS SE APLICAM A VOC\u00ca, ALGUMAS OU TODAS AS ISEN\u00c7\u00d5ES, EXCLUS\u00d5ES OU LIMITA\u00c7\u00d5ES ACIMA PODEM N\u00c3O SE APLICAR A VOC\u00ca, E VOC\u00ca PODE TER DIREITOS ADICIONAIS.<\/p>\n\n\n\n<p><strong>ACESSO RESTRITO<\/strong><strong><\/strong><\/p>\n\n\n\n<ol class=\"wp-block-list\">\n<li>Temos acesso restrito a certas \u00e1reas do nosso site. Reservamo-nos o direito de restringir o acesso a outras \u00e1reas do nosso site ou todo o nosso site em nossa circunspec\u00e7\u00e3o.<\/li>\n\n\n\n<li>Se encontrarmos qualquer fluxo de dados, ent\u00e3o desativaremos imediatamente sua identifica\u00e7\u00e3o de usu\u00e1rio e senha sem aviso pr\u00e9vio ou explica\u00e7\u00e3o.<\/li>\n<\/ol>\n","protected":false},"excerpt":{"rendered":"<p>ACEITA\u00c7\u00c3O DOS TERMOS ClipMyDeals (doravante chamado &#8220;ClipMyDeals&#8221;, &#8220;n\u00f3s&#8221;, &#8220;n\u00f3s&#8221;, ou &#8220;nosso&#8221;) fornece um mercado de cupons digitais no Reino Unido (os &#8220;Servi\u00e7os&#8221;) que inclui, e \u00e9 acess\u00edvel atrav\u00e9s do site publicado em www. ClipMyDeals.com (e quaisquer outros sites com &nbsp;a marca ClipMyDeals que se vinculem a estes Termos) (coletivamente, o &#8220;Site&#8221;). Os Servi\u00e7os, por exemplo, [&hellip;]<\/p>\n","protected":false},"author":1,"featured_media":0,"parent":0,"menu_order":0,"comment_status":"closed","ping_status":"closed","template":"","meta":{"footnotes":""},"class_list":["post-261","page","type-page","status-publish","hentry"],"_links":{"self":[{"href":"https:\/\/demo.clipmydeals.com\/14\/wp-json\/wp\/v2\/pages\/261","targetHints":{"allow":["GET"]}}],"collection":[{"href":"https:\/\/demo.clipmydeals.com\/14\/wp-json\/wp\/v2\/pages"}],"about":[{"href":"https:\/\/demo.clipmydeals.com\/14\/wp-json\/wp\/v2\/types\/page"}],"author":[{"embeddable":true,"href":"https:\/\/demo.clipmydeals.com\/14\/wp-json\/wp\/v2\/users\/1"}],"replies":[{"embeddable":true,"href":"https:\/\/demo.clipmydeals.com\/14\/wp-json\/wp\/v2\/comments?post=261"}],"version-history":[{"count":1,"href":"https:\/\/demo.clipmydeals.com\/14\/wp-json\/wp\/v2\/pages\/261\/revisions"}],"predecessor-version":[{"id":262,"href":"https:\/\/demo.clipmydeals.com\/14\/wp-json\/wp\/v2\/pages\/261\/revisions\/262"}],"wp:attachment":[{"href":"https:\/\/demo.clipmydeals.com\/14\/wp-json\/wp\/v2\/media?parent=261"}],"curies":[{"name":"wp","href":"https:\/\/api.w.org\/{rel}","templated":true}]}}