{"id":57,"date":"2024-01-25T06:46:08","date_gmt":"2024-01-25T06:46:08","guid":{"rendered":"https:\/\/demo.clipmydeals.com\/14\/create-an-account\/"},"modified":"2024-03-14T09:58:29","modified_gmt":"2024-03-14T09:58:29","slug":"register","status":"publish","type":"page","link":"https:\/\/demo.clipmydeals.com\/14\/register\/","title":{"rendered":"Create an Account"},"content":{"rendered":"\n<figure class=\"wp-block-image size-full\"><img loading=\"lazy\" decoding=\"async\" width=\"2340\" height=\"296\" src=\"https:\/\/demo.clipmydeals.com\/14\/wp-content\/uploads\/2024\/01\/register.png\" alt=\"\" class=\"wp-image-236\" srcset=\"https:\/\/demo.clipmydeals.com\/14\/wp-content\/uploads\/2024\/01\/register.png 2340w, https:\/\/demo.clipmydeals.com\/14\/wp-content\/uploads\/2024\/01\/register-300x38.png 300w, https:\/\/demo.clipmydeals.com\/14\/wp-content\/uploads\/2024\/01\/register-1024x130.png 1024w, https:\/\/demo.clipmydeals.com\/14\/wp-content\/uploads\/2024\/01\/register-768x97.png 768w, https:\/\/demo.clipmydeals.com\/14\/wp-content\/uploads\/2024\/01\/register-1536x194.png 1536w, https:\/\/demo.clipmydeals.com\/14\/wp-content\/uploads\/2024\/01\/register-2048x259.png 2048w\" sizes=\"auto, (max-width: 2340px) 100vw, 2340px\" \/><\/figure>\n\n\n\n<p><strong><form method=\"POST\"><div class=\"row\"><div class=\"col-md-4 form-group mt-3\">\n\t\t\t\t\t\t\t\t\t<label>Nome de usu\u00e1rio<\/label>\n\t\t\t\t\t\t\t\t\t<input type=\"text\" name=\"username\" id=\"username\" class=\"form-control\" value=\"\" required \/>\n\t\t\t\t\t\t\t\t<\/div><div class=\"col-md-4 form-group mt-3\">\n\t\t\t\t\t\t\t\t\t<label>Primeiro nome<\/label>\n\t\t\t\t\t\t\t\t\t<input type=\"text\" name=\"first_name\" id=\"first_name\" class=\"form-control\" value=\"\" required \/>\n\t\t\t\t\t\t\t\t<\/div><div class=\"col-md-4 form-group mt-3\">\n\t\t\t\t\t\t\t\t\t<label>\u00daltimo nome<\/label>\n\t\t\t\t\t\t\t\t\t<input type=\"text\" name=\"last_name\" id=\"last_name\" class=\"form-control\" value=\"\" required \/>\n\t\t\t\t\t\t\t\t<\/div><div class=\"col-md-4 form-group mt-3\">\n\t\t\t\t\t\t\t\t\t<label>Email<\/label>\n\t\t\t\t\t\t\t\t\t<input type=\"email\" name=\"email\" id=\"email\" class=\"form-control\" value=\"\" required \/>\n\t\t\t\t\t\t\t\t<\/div><div class=\"col-md-4 form-group mt-3\">\n\t\t\t\t\t\t\t\t\t<label>Referenciador<\/label>\n\t\t\t\t\t\t\t\t\t<input type=\"text\" name=\"referrer\" id=\"referrer\" class=\"form-control\" value=\"none\" readonly \/>\n\t\t\t\t\t\t\t\t<\/div><\/div><div class=\"row my-4\"><div class=\"col-md-4\"><label><\/label><button type=\"submit\" name=\"cmdcp_register\" class=\"btn btn-primary btn-block\">Submit<\/button><\/div><\/div><\/form><\/strong><\/p>\n\n\n\n<hr class=\"wp-block-separator has-css-opacity\"\/>\n\n\n\n<p class=\"has-very-dark-gray-color has-luminous-vivid-amber-background-color has-text-color has-background\"><strong>NOTA<\/strong>: Esta \u00e9 uma p\u00e1gina de demonstra\u00e7\u00e3o. Ele \u00e9 criado com um shortcode que s\u00f3 est\u00e1 dispon\u00edvel com nosso Cashback Plugin.<\/p>\n","protected":false},"excerpt":{"rendered":"<p>NOTA: Esta \u00e9 uma p\u00e1gina de demonstra\u00e7\u00e3o. Ele \u00e9 criado com um shortcode que s\u00f3 est\u00e1 dispon\u00edvel com nosso Cashback Plugin.<\/p>\n","protected":false},"author":1,"featured_media":0,"parent":0,"menu_order":0,"comment_status":"closed","ping_status":"closed","template":"fullwidth.php","meta":{"footnotes":""},"class_list":["post-57","page","type-page","status-publish","hentry"],"_links":{"self":[{"href":"https:\/\/demo.clipmydeals.com\/14\/wp-json\/wp\/v2\/pages\/57","targetHints":{"allow":["GET"]}}],"collection":[{"href":"https:\/\/demo.clipmydeals.com\/14\/wp-json\/wp\/v2\/pages"}],"about":[{"href":"https:\/\/demo.clipmydeals.com\/14\/wp-json\/wp\/v2\/types\/page"}],"author":[{"embeddable":true,"href":"https:\/\/demo.clipmydeals.com\/14\/wp-json\/wp\/v2\/users\/1"}],"replies":[{"embeddable":true,"href":"https:\/\/demo.clipmydeals.com\/14\/wp-json\/wp\/v2\/comments?post=57"}],"version-history":[{"count":2,"href":"https:\/\/demo.clipmydeals.com\/14\/wp-json\/wp\/v2\/pages\/57\/revisions"}],"predecessor-version":[{"id":434,"href":"https:\/\/demo.clipmydeals.com\/14\/wp-json\/wp\/v2\/pages\/57\/revisions\/434"}],"wp:attachment":[{"href":"https:\/\/demo.clipmydeals.com\/14\/wp-json\/wp\/v2\/media?parent=57"}],"curies":[{"name":"wp","href":"https:\/\/api.w.org\/{rel}","templated":true}]}}